{"id":571,"date":"2025-10-01T18:46:11","date_gmt":"2025-10-01T18:46:11","guid":{"rendered":"https:\/\/ursulabor.de\/?page_id=571"},"modified":"2025-10-01T19:32:56","modified_gmt":"2025-10-01T19:32:56","slug":"projekte-tutorials","status":"publish","type":"page","link":"https:\/\/ursulabor.de\/?page_id=571","title":{"rendered":"Projekte\/Tutorials"},"content":{"rendered":"\n<h2 class=\"wp-block-heading\">Projekte \/ Tutorials<\/h2>\n\n\n\n<div class=\"wp-block-media-text is-stacked-on-mobile\"><figure class=\"wp-block-media-text__media\"><a href=\"https:\/\/ursulabor.de\/?page_id=578\"><img loading=\"lazy\" decoding=\"async\" width=\"490\" height=\"374\" src=\"https:\/\/ursulabor.de\/wp-content\/uploads\/2025\/10\/escape-wuerfel.jpg\" alt=\"\" class=\"wp-image-573 size-full\" srcset=\"https:\/\/ursulabor.de\/wp-content\/uploads\/2025\/10\/escape-wuerfel.jpg 490w, https:\/\/ursulabor.de\/wp-content\/uploads\/2025\/10\/escape-wuerfel-300x229.jpg 300w\" sizes=\"auto, (max-width: 490px) 100vw, 490px\" \/><\/a><\/figure><div class=\"wp-block-media-text__content\">\n<p>Der<a href=\"https:\/\/ursulabor.de\/?page_id=578\"> <strong>&#8222;Escape-W\u00fcrfel&#8220;<\/strong><\/a> ist ein Automat, der in keinem Escaperoom fehlen darf. Wird er so gedreht, dass sich irgendwann eine vorgebene L\u00f6sungssequenz ergibt, dann gibt er per Leuchtsignal einen L\u00f6sungscode aus, der z.B. auf ein Zahlenschloss passt.<\/p>\n\n\n\n<p>Dieses Tutorial erarbeitet Schritt f\u00fcr Schritt die Erstellung der elektronischen Schaltung, deren Herzst\u00fcck ein Arduino-Nano-Mikrocontroller und ein Beschleunigungssensor ADXL345 sind. Parallel dazu wird die Programmierung Schritt f\u00fcr Schritt von Null an in Form eines Selbstlernkurses angeleitet. Prinzipiell kann die Schaltung in jeden W\u00fcrfel eingebaut werden, es liegt aber auch eine Datei zum Download bereit, die die Erstellung eines Geh\u00e4uses mit Lasercutterelementen erm\u00f6glicht. Das eigentliche R\u00e4tsel bleibt frei und muss selbst ausgeheckt werden. Und dann steht einer entsprechenden Gestaltung der W\u00fcrfelseiten nichts mehr im Weg. Gutes Gelingen!<\/p>\n<\/div><\/div>\n","protected":false},"excerpt":{"rendered":"<p>Projekte \/ Tutorials Der &#8222;Escape-W\u00fcrfel&#8220; ist ein Automat, der in keinem Escaperoom fehlen darf. Wird er so gedreht, dass sich irgendwann eine vorgebene L\u00f6sungssequenz ergibt, dann gibt er per Leuchtsignal einen L\u00f6sungscode aus, der z.B. auf ein Zahlenschloss passt. Dieses Tutorial erarbeitet Schritt f\u00fcr Schritt die Erstellung der elektronischen Schaltung, deren Herzst\u00fcck ein Arduino-Nano-Mikrocontroller und [&hellip;]<\/p>\n","protected":false},"author":1,"featured_media":0,"parent":0,"menu_order":0,"comment_status":"closed","ping_status":"closed","template":"","meta":{"_uag_custom_page_level_css":"","site-sidebar-layout":"default","site-content-layout":"","ast-site-content-layout":"default","site-content-style":"default","site-sidebar-style":"default","ast-global-header-display":"","ast-banner-title-visibility":"","ast-main-header-display":"","ast-hfb-above-header-display":"","ast-hfb-below-header-display":"","ast-hfb-mobile-header-display":"","site-post-title":"disabled","ast-breadcrumbs-content":"","ast-featured-img":"","footer-sml-layout":"","ast-disable-related-posts":"","theme-transparent-header-meta":"","adv-header-id-meta":"","stick-header-meta":"","header-above-stick-meta":"","header-main-stick-meta":"","header-below-stick-meta":"","astra-migrate-meta-layouts":"set","ast-page-background-enabled":"default","ast-page-background-meta":{"desktop":{"background-color":"var(--ast-global-color-4)","background-image":"","background-repeat":"repeat","background-position":"center center","background-size":"auto","background-attachment":"scroll","background-type":"","background-media":"","overlay-type":"","overlay-color":"","overlay-opacity":"","overlay-gradient":""},"tablet":{"background-color":"","background-image":"","background-repeat":"repeat","background-position":"center center","background-size":"auto","background-attachment":"scroll","background-type":"","background-media":"","overlay-type":"","overlay-color":"","overlay-opacity":"","overlay-gradient":""},"mobile":{"background-color":"","background-image":"","background-repeat":"repeat","background-position":"center center","background-size":"auto","background-attachment":"scroll","background-type":"","background-media":"","overlay-type":"","overlay-color":"","overlay-opacity":"","overlay-gradient":""}},"ast-content-background-meta":{"desktop":{"background-color":"var(--ast-global-color-5)","background-image":"","background-repeat":"repeat","background-position":"center center","background-size":"auto","background-attachment":"scroll","background-type":"","background-media":"","overlay-type":"","overlay-color":"","overlay-opacity":"","overlay-gradient":""},"tablet":{"background-color":"var(--ast-global-color-5)","background-image":"","background-repeat":"repeat","background-position":"center center","background-size":"auto","background-attachment":"scroll","background-type":"","background-media":"","overlay-type":"","overlay-color":"","overlay-opacity":"","overlay-gradient":""},"mobile":{"background-color":"var(--ast-global-color-5)","background-image":"","background-repeat":"repeat","background-position":"center center","background-size":"auto","background-attachment":"scroll","background-type":"","background-media":"","overlay-type":"","overlay-color":"","overlay-opacity":"","overlay-gradient":""}},"footnotes":""},"class_list":["post-571","page","type-page","status-publish","hentry"],"uagb_featured_image_src":{"full":false,"thumbnail":false,"medium":false,"medium_large":false,"large":false,"1536x1536":false,"2048x2048":false},"uagb_author_info":{"display_name":"admin","author_link":"https:\/\/ursulabor.de\/?author=1"},"uagb_comment_info":0,"uagb_excerpt":"Projekte \/ Tutorials Der &#8222;Escape-W\u00fcrfel&#8220; ist ein Automat, der in keinem Escaperoom fehlen darf. Wird er so gedreht, dass sich irgendwann eine vorgebene L\u00f6sungssequenz ergibt, dann gibt er per Leuchtsignal einen L\u00f6sungscode aus, der z.B. auf ein Zahlenschloss passt. Dieses Tutorial erarbeitet Schritt f\u00fcr Schritt die Erstellung der elektronischen Schaltung, deren Herzst\u00fcck ein Arduino-Nano-Mikrocontroller und&hellip;","_links":{"self":[{"href":"https:\/\/ursulabor.de\/index.php?rest_route=\/wp\/v2\/pages\/571","targetHints":{"allow":["GET"]}}],"collection":[{"href":"https:\/\/ursulabor.de\/index.php?rest_route=\/wp\/v2\/pages"}],"about":[{"href":"https:\/\/ursulabor.de\/index.php?rest_route=\/wp\/v2\/types\/page"}],"author":[{"embeddable":true,"href":"https:\/\/ursulabor.de\/index.php?rest_route=\/wp\/v2\/users\/1"}],"replies":[{"embeddable":true,"href":"https:\/\/ursulabor.de\/index.php?rest_route=%2Fwp%2Fv2%2Fcomments&post=571"}],"version-history":[{"count":5,"href":"https:\/\/ursulabor.de\/index.php?rest_route=\/wp\/v2\/pages\/571\/revisions"}],"predecessor-version":[{"id":580,"href":"https:\/\/ursulabor.de\/index.php?rest_route=\/wp\/v2\/pages\/571\/revisions\/580"}],"wp:attachment":[{"href":"https:\/\/ursulabor.de\/index.php?rest_route=%2Fwp%2Fv2%2Fmedia&parent=571"}],"curies":[{"name":"wp","href":"https:\/\/api.w.org\/{rel}","templated":true}]}}